ose i - 61 = -363. What is the hundreds digit of 9/3 - i/2?
1
Let m(c) = 3*c**3 + 3*c - 2 - 3*c**3 - 4*c**2 + 5*c**3. Suppose 0 = 3*g - 4*v - 26, -4*g - 4*v + 6 = 18. What is the units digit of m(g)?
8
Let d(j) = 51*j + 443. What is the tens digit of d(13)?
0
Let t = 39 - 43. What is the units digit of (-2)/(8/(-28)) + t?
3
Suppose -84*x + 89*x = 5950. What is the thousands digit of x?
1
Let q = -7701 + 12379. What is the units digit of q?
8
Suppose 4*j + 9 = i, -5*j - 30 = 3*i + 2*i. Let t(f) = -4*f - 3. Let o be t(i). Let l = o + 0. What is the units digit of l?
9
Let y(j) be the second derivative of j**4/3 - j**3/3 - 10*j. What is the units digit of y(2)?
2
Let w(y) = -y**2 - 30*y + 56. Let m be w(-20). Suppose m = -76*l + 78*l. What is the units digit of l?
8
Let i be -7 + (1 + -4)/3. Let z = i + 6. What is the units digit of 5 + (z/2 - 0)?
4
Let w be (51/(-6))/((-2)/4). Suppose -k + w = -135. Suppose 2*r + 2*r = k. What is the units digit of r?
8
Let w be 1/(-2) + (-27)/(-6). Suppose -w*a + 492 = -120. What is the hundreds digit of a?
1
Suppose 0 = 10*o - 970 - 1600. Let x = o - 91. What is the hundreds digit of x?
1
Let r be 1 - ((-8)/(-12) + 3/9). Suppose r = -z + 6 + 19. What is the tens digit of z?
2
Let f = -36 + 61. Let p = 44 - f. What is the tens digit of p?
1
Let d(m) be the third derivative of m**6/180 + m**5/60 + m**4/6 - 3*m**2. Let z(s) be the second derivative of d(s). What is the units digit of z(6)?
6
Let l(i) = -i**3 - 9*i**2 - i - 5. Let w = -21 + 12. What is the units digit of l(w)?
4
Suppose -3*o - 3*a = -8241, -4*o = -3*a - 0*a - 10988. What is the units digit of o?
7
Suppose 39*q = 4*q + 8750. What is the units digit of q?
0
Suppose b = 2*b. Let o be (-60)/(-40)*(0 - -2). Suppose -5*t - o*a + 376 - 47 = b, 5*t = 4*a + 343. What is the tens digit of t?
6
Let y = -18 + 38. Suppose 4*m - m - 4*q - y = 0, 2*q = -10. Suppose 0 = -2*w - o - 2*o + 41, 5*o + 15 = m. What is the tens digit of w?
2
Let t = -12 - -15. What is the tens digit of ((-380)/t)/4*-3?
9
Let q = -66 - -64. What is the tens digit of (-6)/q - (-194 + -5)?
0
Let i(a) = 31*a + 12 - 70*a - 34*a. What is the tens digit of i(-2)?
5
Let c = 99 - -95. What is the tens digit of c?
9
Let y(d) = -869*d + 95. What is the hundreds digit of y(-2)?
8
Let i = -44 + 80. Suppose -13*v - i + 322 = 0. What is the tens digit of v?
2
Let h(i) be the first derivative of i**4/4 - 5*i**3/3 - 3*i**2 + 7*i + 1. Suppose 0 = 3*j + m - 17 - 5, -4*j = 5*m - 44. What is the units digit of h(j)?
7
What is the hundreds digit of 753 - ((-16)/6)/((-50)/75)?
7
Let j = 586 + -277. What is the units digit of j?
9
Suppose -17*h - 306 = -23*h. What is the units digit of h?
1
Suppose -10 = y - 13. Suppose 99 + 372 = y*u. What is the units digit of u?
7
Let u(f) = -f**3 + 12*f**2 - 9*f + 7. Let w be u(10). Suppose 2*d - 123 = w. Suppose -5*r = -15, 5*k + 3*r = d + 59. What is the tens digit of k?
3
Let s(r) = 25 + 7 - 3*r + r + 0. What is the units digit of s(0)?
2
Let u(v) be the second derivative of -v**4/12 - 4*v**3/3 + 7*v**2/2 - 3*v. Let x be u(-9). What is the tens digit of x + 1 + 2 + 30?
3
Suppose -450 = -0*a - 3*a. Suppose -r + a = 23. Let h = r - 73. What is the units digit of h?
4
Let w = 4 - -11. Suppose -2*b + 8 = -2*u, -b = 2*b - w. Let o(r) = 5*r + 2. What is the units digit of o(u)?
7
Suppose 6*h = 5*h + 5. Suppose -h*m = -7*m + 512. Suppose u + m = 5*u. What is the units digit of u?
4
Let v = -32 + 34. Suppose 4*x - 2*p - 203 = x, 0 = -3*x - v*p + 211. What is the units digit of x?
9
What is the thousands digit of (-16)/8*14*-59?
1
Let f(v) = -v**2 + 7*v - 12. Let s be f(5). What is the tens digit of (-3)/s*(-1120)/(-30)?
5
Suppose -4*d - d + 25 = 0. Suppose -d*h = -30 - 75. What is the tens digit of h?
2
Let n = -106 - -231. Let b = -87 + n. What is the tens digit of b?
3
Suppose p = -3*p + 8. What is the units digit of p/6*11*9?
3
Let u(g) be the second derivative of 11*g**3/6 - 3*g**2/2 + 5*g. Let t be u(3). Suppose -t = -8*k + 3*k. What is the units digit of k?
6
Suppose 15*v = 13*v + 224. What is the tens digit of 75/(-6)*v/(-20)?
7
Let b = -26 + 26. Suppose -a + b*a + 4 = 0. Suppose 2*l + a - 30 = 0. What is the units digit of l?
3
Let q(s) = -s**2 + 8*s - 9. Suppose u - 7 = -1. Let t be q(u). Suppose 4*k - 63 = -0*k - 5*f, t*k - 3*f = 81. What is the units digit of k?
2
Let c(f) be the first derivative of f**4/4 + 4*f**3/3 - 2*f**2 - f - 34. Let b be (-9)/2 + 1/2. What is the units digit of c(b)?
5
Suppose -5*h - 3*d - 6 = 0, 4*h - d - 8 = 3*d. Suppose h = 2*l + 4*g + 104, -3*l - 3*g + 0*g = 156. Let u = l - -81. What is the units digit of u?
9
Let s be 9/(-15) + (-699)/(-15). Suppose 0*k = 2*k - 4. Suppose k*d = -0*d + s. What is the tens digit of d?
2
Suppose 6*m - 2*m = 16. Suppose m*l - 140 + 24 = 0. What is the tens digit of l?
2
Suppose -1 + 3 = -j. Let c(k) = k + 3. Let u be c(j). What is the units digit of ((-36)/4 + u)*-2?
6
Suppose w - 531 = 1297. What is the thousands digit of w?
1
Let j(b) be the first derivative of -b**4/4 + 22*b**3/3 + 7*b**2/2 + 28*b - 12. What is the tens digit of j(22)?
8
Let i(o) = -117*o + 81. What is the units digit of i(-7)?
0
Suppose 0 = -4*r + 18 + 2. Let n = r + -3. Suppose -2*f + 28 = -4*s, 0*s + 2 = -n*f - 2*s. What is the units digit of f?
4
Let x(v) be the third derivative of 1/120*v**6 + 4*v**2 - 1/12*v**4 + 0 + 0*v + 1/6*v**5 + 5/3*v**3. What is the tens digit of x(-10)?
3
Suppose -5*n - 15 = 0, 0*n - n = -2*b - 29. Let j = b + 28. What is the units digit of (23/(-4))/((-3)/j)?
3
Let q = 2282 + -1334. What is the tens digit of q?
4
What is the tens digit of (-348)/18*(-1)/((-10)/(-225))?
3
Let l = -2788 + 3440. What is the tens digit of l?
5
Suppose 5 = 3*u + 2*k, 3*u + 20 = -u + 4*k. Suppose 5*o - o - 16 = 0. What is the tens digit of 2/(o/18) - u?
1
Let s(z) = -3*z**3 + z**2 - z + 130. What is the units digit of s(0)?
0
Suppose 759*s = 755*s + 16016. What is the hundreds digit of s?
0
Suppose 5*w = -4*u + 5326, 2*w - 3*u + 243 = 2355. What is the tens digit of w?
6
Let o(i) = 3*i**3 - 14*i**2 - i - 7. Let w be o(5). Let b = -19 - -36. Suppose 6 = -5*r - u + b, -r = 4*u + w. What is the units digit of r?
3
Let y(w) = w + 3. Let l be y(15). What is the tens digit of l/((-65)/34 + 8 + -6)?
0
Suppose 0 = -34*m + 38*m - 520. Let g = -49 + m. What is the tens digit of g?
8
Let t(p) = 27*p - 329. What is the units digit of t(44)?
9
Let n be 89/2 - 6/12. What is the tens digit of 1356/n - 2/(-11)?
3
Suppose -k - 35 + 173 = 0. Let h = k + -6. What is the units digit of h?
2
Let b be (0 + 0)*(-1 - -2). Suppose b = -2*u - u + 81. What is the tens digit of u?
2
Suppose -69*r + 72*r = 1557. What is the units digit of r?
9
Let x be ((-36)/(-3))/(-3) + 4. Let v(j) = 0*j + 20 + j - 7. What is the units digit of v(x)?
3
Suppose 0 = 3*g - 2*m - 2*m - 25, -4*g = 3*m. Let p be -3*-3*1/g. Suppose -p*b = 2*b - 275. What is the units digit of b?
5
Let p(b) = 2*b**2 + 6*b + 9. Let m = -170 - -163. What is the units digit of p(m)?
5
Suppose 55*f = 46298 + 21847. What is the hundreds digit of f?
2
Suppose -3*b + v = -931, -4*v = 5*b + v - 1525. What is the units digit of b?
9
Let m(g) = -6*g + 14. Let k(i) = -i + 3. Let y(z) = -33*k(z) + 6*m(z). What is the tens digit of y(-9)?
1
Suppose -53*h = -55940 - 32305. What is the thousands digit of h?
1
Let b be (0 + 1)/(3/342*-2). Let n = b + 88. What is the units digit of n?
1
What is the units digit of 2100/3 - (-18)/6?
3
Let p be ((-2)/(-4))/(3/6). Let u = p + 1. Suppose -u*v - 46 = -2*h, 3*h - 94 = -h + 3*v. What is the units digit of h?
5
Let c = -515 + 755. What is the units digit of c?
0
Let l(g) = -40*g. Let o be 1/(-2) + 6/12*-1. What is the tens digit of l(o)?
4
Suppose -15 + 7 = 4*y. What is the units digit of (0 - (-2)/4) + (-253)/y?
7
Suppose 0 = -2*a + a + 5*c + 24, 0 = 2*c. What is the tens digit of a?
2
Let d(c) = -3*c - 31 + 29 - 57 + 12*c. What is the tens digit of d(9)?
2
Let p = -260 - -442. Suppose -2*u + p - 6 = 0. What is the units digit of u?
8
Let x be (6 - 9)*14*2/(-12). What is the units digit of 1*3/12*(243 - x)?
9
Let x = -726 + 1327. What is the tens digit of x?
0
Let f = 21 + -7. What is the tens digit of 96/f*(-2 - -9)?
4
Suppose 6*n - 2907 = 1671. What is the units dig